{"id":13,"date":"2017-07-06T11:26:39","date_gmt":"2017-07-06T11:26:39","guid":{"rendered":"http:\/\/blua.pt\/?page_id=13"},"modified":"2024-10-12T14:47:33","modified_gmt":"2024-10-12T14:47:33","slug":"caracteristicas","status":"publish","type":"page","link":"https:\/\/blua.pt\/?page_id=13&lang=pt","title":{"rendered":"Sa\u00fade Blua"},"content":{"rendered":"<p>Refinada e t\u00e3o leve quanto revigorante, a \u00e1gua Blua personifica o que de mais milenar e essencial a natureza nos pode oferecer. Porque o nosso corpo \u00e9 constitu\u00eddo por 70% de \u00e1gua, os benef\u00edcios de uma ingest\u00e3o regular s\u00e3o m\u00faltiplos, de mi\u00fados a gra\u00fados. Fundamental para todos os processos fisiol\u00f3gicos e bioqu\u00edmicos do corpo humano, a \u00e1gua mineral contribui para o bom funcionamento do sistema circulat\u00f3rio, para a correcta assimila\u00e7\u00e3o dos nutrientes e para um sistema nervoso saud\u00e1vel. Os seus sais minerais combatem as c\u00e1ries (fl\u00faor), fortalecem os m\u00fasculos e os nervos (s\u00f3dio), previnem a hipertens\u00e3o (magn\u00e9sio), regulam a taxa de a\u00e7\u00facar no sangue (cromo), revigoram o sistema imunol\u00f3gico (zinco) e s\u00e3o indispens\u00e1veis para a absor\u00e7\u00e3o de ferro. Por ser o \u00fanico n\u00e9ctar que purifica c\u00e9lulas, renova os \u00f3rg\u00e3os e hidrata a pele, os especialistas recomendam beber 8 copos por dia \u2013 n\u00e3o espere pela sede, beba Blua, porque Blua \u00e9 a \u00e1gua. Rica em minerais (entre os quais ganham relev\u00e2ncia o c\u00e1lcio, o magn\u00e9sio e o bicarbonato) a \u00e1gua Blua apresenta um pH neutro \u2013 um trunfo caracter\u00edstico da sua composi\u00e7\u00e3o, ideal para a adequa\u00e7\u00e3o ao organismo e prop\u00edcio ao equil\u00edbrio do mesmo. Equidistante, tanto da acidez como da alcalinidade, este pH faz da \u00e1gua Blua um complemento indispens\u00e1vel \u00e0 regula\u00e7\u00e3o da concentra\u00e7\u00e3o hidrogeni\u00f3nica no corpo, sin\u00f3nimo de vitalidade e de sa\u00fade f\u00edsica, mental e emocional. Estas caracter\u00edsticas homeost\u00e1ticas tornam a \u00e1gua Blua num elixir perfeito para todos os grupos et\u00e1rios; por ser altamente mineralizada, aporta, ademais, benef\u00edcios especiais para gr\u00e1vidas, rec\u00e9m-nascidos, desportistas e idosos \u2013 a sua concentra\u00e7\u00e3o de bicarbonato traz benef\u00edcios diur\u00e9ticos, digestivos e renais, o seu pH neutro potencia a capacidade f\u00edsica dos atletas (devido \u00e0 neutraliza\u00e7\u00e3o do \u00e1cido l\u00e1ctico durante actividades de alto rendimento) e a prolifera\u00e7\u00e3o de minerais torna-se ideal para o funcionamento do organismo dos mais novos mas tamb\u00e9m dos mais idosos.<\/p>\n<h2>\u00c1gua, um bem essencial<\/h2>\n<p><em>\u00abWater is the driving force of all nature\u00bb &#8211; Leonardo da Vinci<\/em> <em>\u00abWater is life, and clean water means health\u00bb &#8211; Audrey Hepburn<\/em> <em>\u00abThousands have lived without love, not one without water\u00bb &#8211; W. H. Auden<\/em> <em>\u00abIf there is magic on this planet, it is contained in water\u00bb &#8211; Loren Eisely<\/em> <em>\u00abWe forget that the water cycle and life cycle are one\u00bb &#8211; Jacques-Yves Cousteau<\/em> <em>\u00abNo water, no life. No blue, no green\u00bb &#8211; Sylvia Earle<\/em> A import\u00e2ncia da \u00e1gua para o ser humano \u00e9 unanimemente reconhecida e desde h\u00e1 muito tempo. Sem \u00e1gua, n\u00e3o haveria ser humano, n\u00e3o haveria vida! ??? por cento do corpo humano \u00e9 composto por \u00e1gua. E consumir \u00e1gua \u00e0s doses recomendadas \u00e9 um h\u00e1bito di\u00e1rio que se repercute directamente na nossa sa\u00fade e no nosso bem-estar.<\/p>\n<h2>Blua para todos<\/h2>\n<p>Beb\u00e9s: Para os nossos beb\u00e9s, queremos sempre o melhor. E a \u00e1gua Blua encaixa na perfei\u00e7\u00e3o nesses requisitos. Com as suas particularidades de pH neutro e de mineraliza\u00e7\u00e3o alta, o seu beb\u00e9 cedo ganha defesas valiosas para o seu organismo. Idosos: Para quem chega a uma idade avan\u00e7ada, devemos refor\u00e7ar as precau\u00e7\u00f5es em rela\u00e7\u00e3o ao que consumimos. No caso da \u00e1gua, essa deve ser uma aten\u00e7\u00e3o redobrada. Se beber \u00e1gua \u00e9 importante durante todo o ciclo de vida, nestas idades ganha todo um novo relevo, contribuindo para manter o seu corpo saud\u00e1vel. Desportistas: Pelas suas caracter\u00edsticas particulares, a \u00e1gua Blua torna-se particularmente ben\u00e9fica para desportistas. Gr\u00e1vidas:<\/p>\n","protected":false},"excerpt":{"rendered":"<p>Refinada e t\u00e3o leve quanto revigorante, a \u00e1gua Blua personifica o que de mais milenar e essencial a natureza nos pode oferecer. Porque o nosso corpo \u00e9 constitu\u00eddo por 70% de \u00e1gua, os benef\u00edcios de uma ingest\u00e3o regular s\u00e3o m\u00faltiplos, de mi\u00fados a gra\u00fados. Fundamental para todos os processos fisiol\u00f3gicos e bioqu\u00edmicos do corpo humano, [&hellip;]<\/p>\n","protected":false},"author":1,"featured_media":0,"parent":0,"menu_order":3,"comment_status":"closed","ping_status":"closed","template":"","meta":{"footnotes":""},"class_list":["post-13","page","type-page","status-publish","hentry"],"_links":{"self":[{"href":"https:\/\/blua.pt\/index.php?rest_route=\/wp\/v2\/pages\/13"}],"collection":[{"href":"https:\/\/blua.pt\/index.php?rest_route=\/wp\/v2\/pages"}],"about":[{"href":"https:\/\/blua.pt\/index.php?rest_route=\/wp\/v2\/types\/page"}],"author":[{"embeddable":true,"href":"https:\/\/blua.pt\/index.php?rest_route=\/wp\/v2\/users\/1"}],"replies":[{"embeddable":true,"href":"https:\/\/blua.pt\/index.php?rest_route=%2Fwp%2Fv2%2Fcomments&post=13"}],"version-history":[{"count":14,"href":"https:\/\/blua.pt\/index.php?rest_route=\/wp\/v2\/pages\/13\/revisions"}],"predecessor-version":[{"id":210,"href":"https:\/\/blua.pt\/index.php?rest_route=\/wp\/v2\/pages\/13\/revisions\/210"}],"wp:attachment":[{"href":"https:\/\/blua.pt\/index.php?rest_route=%2Fwp%2Fv2%2Fmedia&parent=13"}],"curies":[{"name":"wp","href":"https:\/\/api.w.org\/{rel}","templated":true}]}}